
12
Let z(d) = -14*d + 1. Let w be z(-1). Let m be (-1)/(26/14 + -2). Let i = 10 - m. Calculate the highest common factor of w and i.
3
Let t(w) = 9*w + 36. Let c be t(12). What is the greatest common factor of 18 and c?
18
Let a = -3 + 3. Let x = a + 21. Suppose -2 - 1 = -j. What is the highest common factor of x and j?
3
Let w = 4 - 3. Let s be 7 + w + (4 - 4). Let u be (-3)/(-2) - (-4)/s. What is the highest common divisor of u and 5?
1
Let k(y) = -y**3 + 9*y**2 - 2*y + 12. Let n be k(8). What is the highest common factor of n and 12?
12
Let b be (-2)/5 - (-510)/25. What is the highest common divisor of b and 30?
10
Let u = -1 - -3. Suppose -70 = -3*h - u*h. What is the highest common factor of 56 and h?
14
Suppose 0 = 2*n - 3*u - 2, 4*n = 3*u + 16. Suppose 0 = -n*r + 4*r + 252. Calculate the highest common factor of r and 12.
12
Suppose -2*g - 4*u + 80 = 0, -2*u - 47 = -2*g + 33. Let i = 26 - 21. Calculate the greatest common divisor of g and i.
5
Suppose k + 3*k - 168 = 0. Suppose 11*o = 10*o - 4*g + 101, 0 = -4*o + 2*g + 422. What is the highest common divisor of o and k?
21
Let w = 6 - 4. Calculate the greatest common divisor of w and 1.
1
Suppose 3*w - 44 = -4*d, 3*w + 26 = 2*d + 94. Let n be (-22)/(-4) - 10/w. Calculate the highest common factor of n and 5.
5
Let l(n) = -n**2 + 5*n - 2. Let z be l(4). Let f be (-1 - 1/(-2))*z. Let s = 125 - f. What is the highest common factor of 14 and s?
14
Let a(v) = 4*v**2 - 3*v. Let f be a(2). Suppose -3*d + 8*d - 100 = 0. Calculate the greatest common divisor of f and d.
10
Let x be -3*(-1 + 42/(-9)). Let j be (-2)/(-3)*(0 - -3). Suppose 0 = -j*c + 33 + 137. What is the greatest common factor of c and x?
17
Suppose -3*p = -5*p + 90. Suppose 18 = 3*d - 9. What is the greatest common factor of p and d?
9
Suppose -57 - 23 = -5*b. Let p(y) = -y + 13. Let k be p(7). Let z be (-2)/(-3) - (-236)/k. What is the highest common factor of z and b?
8
Let v = -11 + 17. Calculate the greatest common divisor of v and 6.
6
Suppose 0 = 4*k - 71 + 15. Let q be ((-32)/20)/((-6)/105). Calculate the greatest common divisor of k and q.
14
Let r be 1/2*-2*-6. Let g = 3 - 1. Suppose 37 = b - 5*u, -2*b + b = g*u - 2. Calculate the greatest common divisor of r and b.
6
Suppose -3*i + 47 = -4*h - 45, -2*i = -4*h - 56. What is the highest common factor of i and 9?
9
Let i(f) = f**2 + f - 1. Let a be i(2). What is the highest common factor of 35 and a?
5
Let o be 6/10 + -4*61/(-10). What is the highest common factor of o and 5?
5
Let i be 21/9 + (-1)/3. Let x be (-32)/(-3) + i/(-3). Calculate the greatest common divisor of 110 and x.
10
Let m(a) = -5*a - 17. Let n be m(-7). What is the greatest common divisor of 18 and n?
18
Suppose 4*a = 3*p + 19, 5*a + p = 6*p + 25. Suppose -3*j - a*l - 11 = 3, 3*j = 5*l + 31. Let u = 8 - j. Calculate the highest common divisor of u and 6.
6
Let s = -58 + 133. Calculate the greatest common factor of s and 30.
15
Let h be (-38)/16*-2*4. Suppose 2*z + 158 = v, 0 = -5*v + 3*z - 94 + 863. Calculate the greatest common factor of h and v.
19
Let f(n) = n**2 + 22*n - 21. Let c be f(-24). What is the greatest common factor of c and 27?
27
Let h be -1*1 - (-27 + 15). What is the greatest common divisor of h and 88?
11
Suppose -3*j - 1 = -3*y - 7, 0 = -5*y + 20. Let u be (15/j*-2)/(-1). Let q(h) = 3*h**2 - h + 3. Let p be q(-4). Calculate the highest common factor of u and p.
5
Let d(r) = 7*r + 17. Let h(i) = -8*i - 16. Let u(l) = -4*d(l) - 3*h(l). Let j be u(-6). Calculate the greatest common factor of j and 32.
4
Let f = -18 - -20. Calculate the greatest common divisor of f and 6.
2
Let s(d) = 3*d**3 - 3*d**2 + 2*d + 1. Let k be s(4). Let i = 14 + 3. What is the greatest common divisor of k and i?
17
Let v = 56 - 50. Calculate the greatest common factor of 30 and v.
6
Let l be (-3)/6*35*-2. Suppose l = 3*d - 55. Suppose -b - b + d = 0. Calculate the greatest common factor of 45 and b.
15
Let r = -1 - -8. Suppose 4*j - r - 5 = 0. Calculate the highest common divisor of 27 and j.
3
Let l be (-3)/(-2) + (-2)/(5 + -1). Calculate the greatest common divisor of l and 9.
1
Suppose -4*c + 80 = -484. Calculate the greatest common factor of c and 94.
47
Let g = -1 - -5. Suppose -g*h + 10 = h. Let z(o) = -o**3 + o**2 + 2*o + 1. Let l be z(2). What is the greatest common divisor of h and l?
1
Suppose 0 = 3*h - 12, -2*h = -5*d + 2*h + 19. What is the greatest common factor of d and 21?
7
Suppose 0*g = 7*g - 567. Calculate the greatest common factor of g and 9.
9
Let u(s) = -3*s - 1. Let m be u(-11). Let j(z) = -3*z - 7. Let x be j(-5). Calculate the highest common divisor of m and x.
8
Let s be 1/(-3) - 127/(-3). Let g(w) = w**3 - 16*w**2 + w + 12. Let y be g(16). Calculate the highest common factor of s and y.
14
Let f = 16 + 4. Calculate the greatest common factor of 10 and f.
10
Suppose -3 = 4*l + 5*z, 4*l - 3*z + 53 = 2*z. Suppose 3*x - 35 = 6*x + a, -4*a = -x + 10. Let y = l - x. Calculate the greatest common divisor of 33 and y.
3
Suppose -4*r + 206 + 722 = 0. Let v be (-24)/(-9) - 2/3. Suppose -47 = -4*a + v*t + 213, 5*t = -4*a + r. What is the greatest common factor of 7 and a?
7
Suppose 8 + 9 = s. What is the highest common factor of s and 34?
17
Let r = -3 - -12. Calculate the greatest common divisor of r and 72.
9
Let g = -19 - -23. Calculate the highest common divisor of 8 and g.
4
Let l(a) = -12*a - 1. Let b be l(-8). Suppose 2*d - 43 = 71. Let n be d/3*1/1. Calculate the greatest common factor of n and b.
19
Let m be (-20)/35 + (-176)/(-14). What is the greatest common divisor of 8 and m?
4
Let m(i) = -i**2 + 12*i - 8. Let c be m(9). Suppose 4*s + c = -13. Let a be (s/(-12))/(4/210). What is the highest common factor of 14 and a?
7
Suppose -i + 82 = c, 4*c - 256 = 2*i + 48. What is the greatest common divisor of c and 104?
26
Let y = 2 + 0. Suppose -z = y*z + 2*k - 37, -4*k = 2*z - 14. Suppose 5 = 2*x - z. What is the highest common factor of x and 30?
10
Let u(k) = k**2 - 6*k + 6. Suppose 6*i = 3*i. Suppose i = -2*v - 0*y + 4*y - 10, -4*v - 3*y = -35. Let x be u(v). What is the highest common divisor of 9 and x?
1
Let p be ((-1)/(-1))/(1552/(-520) - -3). Calculate the highest common divisor of 10 and p.
5
Let y(t) = -3*t + 19. Let s be y(8). Let r = s + 11. Suppose 0 = -4*j + 4*k + 60, -j + 4*k = 5*k - 15. What is the highest common divisor of r and j?
3
Let q = 30 + -18. Suppose 22 = 4*w + 6. Suppose -3*a = 5*v - 175, -w*a + 282 - 43 = v. Calculate the greatest common divisor of q and a.
12
Let n(y) = 11*y**3 - y**2 - y + 1. Let f be n(1). Let w(j) = j**3 + 8*j**2 - 3*j + 1. Let l be w(-8). Calculate the highest common divisor of l and f.
5
Let u = 12 + 48. Let m = -169 + 111. Let n = -34 - m. Calculate the greatest common factor of u and n.
12
Let d(z) = -11*z + 1. Let t be d(-1). What is the greatest common factor of 96 and t?
12
Suppose -l + 105 + 192 = 0. Calculate the greatest common factor of l and 27.
27
Let v be (0 - -1) + 0 + 3. Let d be 2*11*(-6 - (2 - 10)). What is the greatest common factor of v and d?
4
Suppose -4*u = 12, 0 = -l + 5*u - 3*u + 6. Suppose l = 3*k - 28 - 17. What is the highest common factor of 15 and k?
15
Let t be (0 - 0)/2 - (-14 - -2). Let x(i) = -i**3 - 9*i**2 - 13*i - 9. Let u be x(-9). What is the highest common divisor of u and t?
12
Let w(t) = t**3 - 7*t**2 - 8*t + 6. Let i be w(8). Calculate the greatest common divisor of 18 and i.
6
Let j be (44/55)/(2/(-5)). Let n(p) = -8*p + 4. Let r be n(j). What is the greatest common divisor of 100 and r?
20
Let s be (-6)/21 - 144/(-14). Let h = 3 - -7. Let l = 70 - h. Calculate the greatest common factor of l and s.
10
Let p be 88 + ((-30)/(-3))/5. Let r = -12 - -22. Calculate the greatest common factor of p and r.
10
Suppose -2*y + 4*n = -0*y - 124, -5*y - n + 365 = 0. Let c be (-3)/(5 + -2) - 17. Let w be c/15*15/(-2). Calculate the highest common divisor of w and y.
9
Let o(p) = 8*p. Let c be o(5). Let m = c - 22. Suppose -2*v = -4*v + 90. What is the highest common divisor of m and v?
9
Let x be 10/(-35) - (-54)/(-7). Let r = -6 - x. Suppose -5*w + r*w = -108. What is the greatest common divisor of 4 and w?
4
Let g(i) = 4*i**2 - 6*i - 4. Let t be g(-6). Suppose 0 = 3*n + 41 - t. Let h = 21 + -3. What is the 